+ -333. Calculate the highest common factor of j and 24.
24
Let s = -615 - -919. Calculate the highest common factor of 64 and s.
16
Let f(k) = 10*k - 2. Let j be f(1). Suppose -6*i + j = -2*i. Let n be (-15)/10*(0 - i). What is the highest common divisor of n and 15?
3
Suppose 0 = -6*l + l + 75. Suppose 369 = 5*k - 21. Let t = k - 18. What is the greatest common factor of l and t?
15
Let l be (-8)/(240/(-154)) + (-2)/15. What is the highest common factor of l and 165?
5
Let f be 13 + -4 + -3 + -3. Let a = 90 + -57. Calculate the highest common divisor of f and a.
3
Let a be (-3)/(4 - 16) - (-3710)/8. Calculate the greatest common divisor of 29 and a.
29
Let g = 1581 + -1570. Suppose 3*c - c = 330. What is the highest common factor of g and c?
11
Suppose 0 = 12*n - 15*n + 105. Calculate the highest common factor of n and 119.
7
Suppose c - 141 = 3*m - 6*m, 449 = 3*c - 4*m. Let b be c - (18/(-27) - 28/(-6)). What is the highest common divisor of b and 11?
11
Suppose 2*i = i - 36. Let a be 18/8 + (-27)/i. Suppose 3 = a*x - 15. What is the highest common factor of x and 12?
6
Let g(w) = -w**3 - 15*w**2 + 14*w - 20. Let r be g(-16). Let n be 412/r + (-2)/6. Calculate the greatest common divisor of 306 and n.
34
Let k(b) = 3*b**2 + 5*b - 6. Let o = -6 - 0. Let s be k(o). Suppose 2*u - 4*n = 48, -3*n - 42 = -u - 15. Calculate the highest common factor of s and u.
18
Suppose 2*m + 4*c = 618, -m + 139 = -c - 179. What is the highest common factor of 75 and m?
15
Let g be 18/(-81) - (-876)/54. Suppose -4*n + 9*n - 30 = 0. Let p be 502/n + g/48. Calculate the greatest common divisor of p and 12.
12
Suppose 3*l + g = 11, -4*g + 4 - 40 = -4*l. Suppose l*h = -51 + 231. Let r = -77 - -167. Calculate the highest common factor of h and r.
18
Suppose -4*i - f - 2*f = 4, 0 = -4*i + 4*f + 24. Suppose 2*r - 2*g = -g + 3, -17 = 2*r - 5*g. What is the greatest common factor of i and r?
2
Suppose 3*q + 0*q = 2*h - 55, 4*q = 3*h - 74. Let r be ((-2)/2 - 1) + q. Let o = r + 25. What is the highest common divisor of o and 4?
2
Let o(t) = 3*t - 3. Let n be o(5). Suppose 2*u + n = 5*m + 2, 5*u = -5*m - 25. Let y = u + 26. What is the highest common factor of y and 21?
21
Let x be -9*((-3)/(-3) - -1). Let h be (-1)/(-6) + 21/x. Let c be (-70)/(-8) - h/4. Calculate the highest common factor of c and 63.
9
Let k(s) = -s**2 - 8*s - 7. Let y be k(-6). Suppose 14 = -2*f + 54. What is the greatest common factor of y and f?
5
Let m be 2/1*-1 + 132. Let l = -444 + 457. What is the greatest common divisor of m and l?
13
Let r(q) = q**3 - 12*q**2 - 12*q - 14. Let o be r(13). Let h be o/((2 + 1)/(-54)). What is the highest common factor of h and 36?
18
Let x be (-1)/(-2)*(2 + -2). Let l(s) = s**3 + s**2 - s + 9. Let w be l(x). Let i = -628 + 664. What is the greatest common factor of i and w?
9
Let z(p) = -p + 75. Let t be z(58). Suppose 2*m + 3*m = 765. Calculate the greatest common factor of m and t.
17
Let p(w) = -8*w + 9. Let d be p(-1). Calculate the greatest common divisor of d and 901.
17
Let b(m) = -m**3 - 38*m**2 + 37*m - 8. Let d be b(-39). Calculate the highest common divisor of d and 40.
10
Suppose 3*a - 921 = -0*m - 3*m, -m - 629 = -2*a. Calculate the greatest common factor of a and 234.
78
Let p be (-350)/(-200) - ((-20)/16)/1. Suppose 2*t - t - 24 = 0. Calculate the greatest common factor of t and p.
3
Suppose 425 = -3*i - d, i + 272 = 4*d + 113. Let u = 207 + i. Suppose a - 2*f = 15 + 49, -f = a - u. Calculate the highest common divisor of 16 and a.
16
Let t be ((-408)/(-96))/(2/(-12))*-2. Calculate the greatest common divisor of 867 and t.
51
Suppose k = -11*k + 3864. What is the highest common factor of k and 46?
46
Let o be 15*-3*1*(-30)/18. Let k = o - 59. Let i(x) = -x**3 + 9*x**2 + 5*x + 6. Let a be i(6). Calculate the highest common factor of a and k.
16
Suppose -2*p + 8 = -0*p + r, p + 4*r - 11 = 0. Suppose -p*g - 3*u + 198 = 0, u - 135 = -2*g - 2*u. Calculate the greatest common divisor of g and 42.
21
Let h(r) = -r + 8. Let q be h(0). Let o be (-39)/(-8) - 3/(-24). Suppose 0 = o*a + 3*f - 41 - 8, -5*f + 55 = 5*a. What is the highest common factor of a and q?
8
Let z(u) = 13*u**2 - 2*u + 1. Let p be z(2). Let g = 378 - 280. What is the greatest common factor of g and p?
49
Let z(h) = h**2 + 6*h + 10. Let j be z(-5). Suppose -114 - 411 = -j*p. Suppose 0 = 5*v - 61 - 14. What is the greatest common factor of p and v?
15
Let x(t) = 12*t + 30. Let i be x(-2). Calculate the greatest common factor of i and 14.
2
Let g(h) = 204*h**2 + 4*h - 5. Let l be g(2). What is the highest common divisor of 9 and l?
9
Let p be 2/13 + (-5472)/78. Let z be (-7)/((4/2)/p). Suppose 0*m + z = 5*m. Calculate the greatest common factor of m and 7.
7
Let s(z) = -103*z + 6. Let m be s(-2). What is the greatest common factor of m and 4?
4
Let a(p) = -p**3 - 9*p**2 + 10*p + 3. Let j be a(-10). Suppose 0 = -3*x + 48 - j. What is the highest common divisor of x and 3?
3
Let l = 107 + -31. Suppose -70 = -3*j + i - 0*i, l = 3*j + 2*i. Calculate the highest common factor of 18 and j.
6
Let w be 2 + ((-6)/(-3))/(2/119). Let p = w - 115. Let y(o) = o**3 + 6*o**2 - 9*o + 10. Let k be y(-7). What is the highest common divisor of k and p?
6
Let n(y) = -y. Let u(k) = -3*k - 11. Let z(t) = -2*n(t) + u(t). Let a be z(-6). Let b = 10 + a. What is the greatest common divisor of 55 and b?
5
Suppose 5*i + 260 = -l + 4*l, 4*l + 5*i = 335. Let p(x) = x + 10. Let s be p(7). What is the greatest common factor of s and l?
17
Let n = 43 - -24. Suppose 0 = -s - 4*v + 3*v + n, -4*s - 5*v = -265. Let w = 7 + 21. What is the greatest common divisor of w and s?
14
Suppose v = 5*v - 3*x - 40, -5*v = 2*x - 50. Let p be (12/(-10))/((-4)/v) + 36. What is the highest common factor of p and 156?
39
Suppose -1736 - 2268 = -11*w. Calculate the greatest common divisor of w and 52.
52
Suppose -2*d - 3*k = 2*k - 5, 3 = 3*d + 3*k. Suppose d*n + 22 = n. Calculate the greatest common divisor of 176 and n.
22
Suppose 4 = -2*k - 2*r + 18, -3*k + 21 = -2*r. Let b be (-7)/(10/6 - 2). Calculate the greatest common divisor of b and k.
7
Let h(s) be the third derivative of s**6/15 + s**5/30 + s**4/24 - s**3/3 + 17*s**2. Let u be h(1). Calculate the highest common divisor of u and 18.
9
Let v be -2*(808 + 3) - 4. Let u be 18/(-63) - v/7. Let k(d) = -d**3 + 6*d**2 + 10*d + 8. Let y be k(7). Calculate the highest common divisor of y and u.
29
Let l be -4*2/(-8) - -13. Let i(z) = 2*z**2 - 11*z + 7. Suppose -3*j = j - 28. Let r be i(j). Calculate the greatest common factor of r and l.
14
Suppose 31*d - 37*d + 96 = 0. Suppose -224 = -16*j + d. Calculate the highest common factor of 25 and j.
5
Let x = 16 - -21. Let t(o) = -o**2 - 22*o + 16. Let h be t(-21). Calculate the highest common divisor of h and x.
37
Let x(v) = v**2 - 13*v + 67. Let k be x(8). What is the greatest common factor of 117 and k?
9
Suppose -1673 = -6*x - 431. What is the highest common divisor of x and 45?
9
Let h(u) = -7*u**3 + 4*u + 7. Let b be 6*(46/(-12) + 4). Let w be (b/(-2))/(9/54). Let s be h(w). Calculate the highest common divisor of 23 and s.
23
Let y be (3/2)/(6/12). Suppose d = y - 0. What is the highest common divisor of 3 and d?
3
Suppose -5*z + z = -48. Suppose 0 = 4*i - i - 18. Suppose y - i = -x, -2*x - 24 = -2*y + 2*x. Calculate the highest common factor of y and z.
4
Let k be (-27)/15 - -2 - 1794/(-30). Let o be -4*2/(-4) + 2. Suppose -4*s = -s - o*w - 106, 2*s - 56 = -w. Calculate the greatest common divisor of k and s.
30
Let u(c) = 224*c + 4 - 114*c + 9*c**2 - 107*c. Let m be u(-2). Calculate the greatest common factor of m and 17.
17
Let t be (-16)/(32/(-66)) - (2 + -7). What is the highest common factor of t and 10?
2
Suppose -66*w + 57*w = -10611. Calculate the greatest common factor of 655 and w.
131
Let t be (46128/(-30))/(-4) + 2/(-5). Suppose -3*r - 6 = -6*r, -2*a = 5*r - t. What is the greatest common divisor of 17 and a?
17
Let o be (-76)/(-6) + (-6)/9. Suppose -496 = -5*z + 44. What is the highest common divisor of z and o?
12
Let t(z) = 2*z**3 + 27*z**2 - 170*z + 9. Let b be t(-18). Calculate the greatest common factor of b and 34.
17
Suppose -5*q = -3*u - 29, 4*q - 2 = 5*q + 2*u. Suppose 0*v - 4*x + 250 = 5*v, 3*v + q*x = 142. Calcu